{"id":14,"date":"2025-01-29T11:16:15","date_gmt":"2025-01-29T10:16:15","guid":{"rendered":"https:\/\/terredebienetrebymarie.fr\/?page_id=14"},"modified":"2025-03-14T10:21:48","modified_gmt":"2025-03-14T09:21:48","slug":"partenaires-et-valeurs","status":"publish","type":"page","link":"https:\/\/terredebienetrebymarie.fr\/index.php\/partenaires-et-valeurs\/","title":{"rendered":"Partenaires et valeurs"},"content":{"rendered":"<div class=\"wpb-content-wrapper\"><p>[vc_section css=\u00a0\u00bb.vc_custom_1741944056683{margin-top: 0px !important;padding-top: 0px !important;}\u00a0\u00bb][vc_row type=\u00a0\u00bbfull_width_section\u00a0\u00bb top_padding=\u00a0\u00bb0&Prime;][vc_column width=\u00a0\u00bb1\/2&Prime;][vc_single_image image=\u00a0\u00bb108&Prime; img_size=\u00a0\u00bbfull\u00a0\u00bb alignment=\u00a0\u00bbcenter\u00a0\u00bb css=\u00a0\u00bb\u00a0\u00bb][\/vc_column][vc_column column_padding=\u00a0\u00bbpadding-8&Prime; column_center=\u00a0\u00bbtrue\u00a0\u00bb width=\u00a0\u00bb1\/2&Prime;][vc_column_text]<\/p>\n<h1>Nos Produits \u2013 L\u2019Excellence au service de vos cheveux<\/h1>\n<p>Chez Terre de Bien-\u00catre By Marie, nous s\u00e9lectionnons des marques d&rsquo;excellence pour prendre soin de vos cheveux !<\/p>\n<h2>Eugene Perma<\/h2>\n<p>D\u00e9couvrez l\u2019excellence \u00e0 la fran\u00e7aise avec Eug\u00e8ne perma, une gamme de shampooings et soins enrichie en k\u00e9ratine et en actifs v\u00e9g\u00e9taux. Une gamme de shampooings et soins naturelle et vegan.<\/p>\n<p>Une gamme de coloration qui apporte des reflets intenses et beaucoup de brillance mais \u00e9galement un rituel de coloration v\u00e9g\u00e9tale \u00e0 95% d\u2019ingr\u00e9dients d\u2019origine naturelle.[\/vc_column_text][\/vc_column][\/vc_row][vc_row type=\u00a0\u00bbfull_width_section\u00a0\u00bb][vc_column column_padding=\u00a0\u00bbpadding-8&Prime; width=\u00a0\u00bb1\/2&Prime;][vc_column_text]<\/p>\n<h2>System Professional<\/h2>\n<p><span style=\"font-weight: 400;\">Offrez \u00e0 vos cheveux un traitement haut de gamme avec System Professional, une gamme exclusive r\u00e9serv\u00e9e aux salons. Gr\u00e2ce \u00e0 la technologie LipidCode, ces soins personnalis\u00e9s s\u2019adaptent \u00e0 la nature et aux besoins sp\u00e9cifiques de vos cheveux, offrant une r\u00e9paration en profondeur, une vitalit\u00e9 renouvel\u00e9e et une beaut\u00e9 \u00e9clatante.<\/span>[\/vc_column_text]<a href=\"https:\/\/terredebienetrebymarie.fr\/index.php\/prestations\/\" target=\"_self\" class=\"button color-2 medium \" style=\"border-radius: 2px;\">Prestations<\/a><a href=\"https:\/\/home.shortcutssoftware.com\/terredebienetrebymarie\" target=\"_blank\" class=\"button color-3 medium \" style=\"border-radius: 2px;\">R\u00e9server<\/a>[\/vc_column][vc_column column_center=\u00a0\u00bbtrue\u00a0\u00bb width=\u00a0\u00bb1\/2&Prime;][vc_single_image image=\u00a0\u00bb107&Prime; img_size=\u00a0\u00bbfull\u00a0\u00bb alignment=\u00a0\u00bbcenter\u00a0\u00bb css=\u00a0\u00bb\u00a0\u00bb][\/vc_column][\/vc_row][vc_row type=\u00a0\u00bbfull_width_section\u00a0\u00bb][vc_column width=\u00a0\u00bb1\/2&Prime;][vc_single_image image=\u00a0\u00bb127&Prime; img_size=\u00a0\u00bbfull\u00a0\u00bb alignment=\u00a0\u00bbcenter\u00a0\u00bb css=\u00a0\u00bb\u00a0\u00bb][\/vc_column][vc_column column_padding=\u00a0\u00bbpadding-8&Prime; column_center=\u00a0\u00bbtrue\u00a0\u00bb width=\u00a0\u00bb1\/2&Prime;][vc_column_text]<\/p>\n<h2>Mulato<\/h2>\n<p><span style=\"font-weight: 400;\">Faites le choix du naturel avec <\/span><b>Mulato<\/b><span style=\"font-weight: 400;\">, une gamme de soins repigmentants compos\u00e9e \u00e0 98 % d\u2019ingr\u00e9dients d\u2019origine naturelle. \u00c0 base de beurre de karit\u00e9 bio, d\u2019extraits de fruits et d\u2019huile de tournesol, ces soins\u00a0 ravivent la couleur et neutralisent les m\u00e8ches pour un r\u00e9sultat personnalis\u00e9 et efficace.<\/span>[\/vc_column_text][\/vc_column][\/vc_row][vc_row top_padding=\u00a0\u00bb80&Prime;][vc_column width=\u00a0\u00bb1\/1&Prime;][vc_column_text]<\/p>\n<p style=\"text-align: center; font-size: 20px;\"><span style=\"font-weight: 400;\">Pourquoi on les adore ?<\/span><\/p>\n<p>[\/vc_column_text][\/vc_column][\/vc_row][vc_row text_align=\u00a0\u00bbcenter\u00a0\u00bb top_padding=\u00a0\u00bb80&Prime; bottom_padding=\u00a0\u00bb80&Prime;][vc_column width=\u00a0\u00bb1\/3&Prime;][vc_single_image image=\u00a0\u00bb86&Prime; img_size=\u00a0\u00bbfull\u00a0\u00bb alignment=\u00a0\u00bbcenter\u00a0\u00bb css=\u00a0\u00bb\u00a0\u00bb][vc_column_text]<span style=\"font-weight: 400;\">Reflets qui durent jusqu&rsquo;\u00e0 4 semaines<\/span>[\/vc_column_text][\/vc_column][vc_column width=\u00a0\u00bb1\/3&Prime;][vc_single_image image=\u00a0\u00bb87&Prime; img_size=\u00a0\u00bbfull\u00a0\u00bb alignment=\u00a0\u00bbcenter\u00a0\u00bb css=\u00a0\u00bb\u00a0\u00bb][vc_column_text]<span style=\"font-weight: 400;\">Z\u00e9ro effet racine, brillance maximale<\/span>[\/vc_column_text][\/vc_column][vc_column width=\u00a0\u00bb1\/3&Prime;][vc_single_image image=\u00a0\u00bb88&Prime; img_size=\u00a0\u00bbfull\u00a0\u00bb alignment=\u00a0\u00bbcenter\u00a0\u00bb css=\u00a0\u00bb\u00a0\u00bb][vc_column_text]<span style=\"font-weight: 400;\">Nuances miscibles entre elles pour cr\u00e9er la teinte parfaite<\/span>[\/vc_column_text][\/vc_column][\/vc_row][vc_row text_align=\u00a0\u00bbcenter\u00a0\u00bb][vc_column width=\u00a0\u00bb1\/1&Prime;][vc_column_text]<\/p>\n<p style=\"text-align: center;\"><span style=\"font-weight: 400;\">Id\u00e9al sur cheveux naturels, color\u00e9s ou d\u00e9color\u00e9s, pour une couleur sur-mesure et \u00e9clatante !\u00a0<\/span><\/p>\n<p>[\/vc_column_text]<a href=\"https:\/\/terredebienetrebymarie.fr\/index.php\/prestations\/\" target=\"_self\" class=\"button color-2 medium \" style=\"border-radius: 2px;\">Prestations<\/a><a href=\"https:\/\/home.shortcutssoftware.com\/terredebienetrebymarie\" target=\"_blank\" class=\"button color-3 medium \" style=\"border-radius: 2px;\">R\u00e9server<\/a>[\/vc_column][\/vc_row][\/vc_section][vc_section css=\u00a0\u00bb.vc_custom_1738773481171{padding-top: 120px !important;padding-bottom: 120px !important;}\u00a0\u00bb][vc_row type=\u00a0\u00bbfull_width_section\u00a0\u00bb][vc_column width=\u00a0\u00bb1\/2&Prime;][vc_single_image image=\u00a0\u00bb110&Prime; img_size=\u00a0\u00bbfull\u00a0\u00bb alignment=\u00a0\u00bbcenter\u00a0\u00bb css=\u00a0\u00bb\u00a0\u00bb][\/vc_column][vc_column column_padding=\u00a0\u00bbpadding-8&Prime; column_center=\u00a0\u00bbtrue\u00a0\u00bb width=\u00a0\u00bb1\/2&Prime;][vc_column_text]<\/p>\n<h2>Engag\u00e9s avec Coiffeurs Justes \u2013 Donnez du Sens \u00e0 Votre Coupe<\/h2>\n<p><b>\u00a0<\/b><\/p>\n<p><b>Chez Terre de Bien-\u00catre By Marie, nous nous engageons en faveur de l\u2019\u00e9cologie !\u00a0<\/b><\/p>\n<p><span style=\"font-weight: 400;\">Depuis 2021, le salon est fier de collaborer avec <\/span><b>\u201cCoiffeurs Justes\u201d<\/b><span style=\"font-weight: 400;\"> pour le recyclage des cheveux. Collect\u00e9s dans des sacs kraft, ils sont ensuite transform\u00e9s en outils innovants comme des boudins filtrants pour hydrocarbures, des isolants ou des fertilisants. Un choix motiv\u00e9 par notre engagement envers la plan\u00e8te et l\u2019importance de r\u00e9duire notre impact environnemental, car chaque geste compte pour un avenir plus durable.<\/span>[\/vc_column_text]<a href=\"https:\/\/terredebienetrebymarie.fr\/index.php\/prestations\/\" target=\"_self\" class=\"button color-2 medium \" style=\"border-radius: 2px;\">Prestations<\/a><a href=\"https:\/\/home.shortcutssoftware.com\/terredebienetrebymarie\" target=\"_blank\" class=\"button color-3 medium \" style=\"border-radius: 2px;\">R\u00e9server<\/a>[\/vc_column][\/vc_row][\/vc_section]<\/p>\n<\/div>","protected":false},"excerpt":{"rendered":"<p>[vc_section css=\u00a0\u00bb.vc_custom_1741944056683{margin-top: 0px !important;padding-top: 0px !important;}\u00a0\u00bb][vc_row type=\u00a0\u00bbfull_width_section\u00a0\u00bb top_padding=\u00a0\u00bb0&Prime;][vc_column width=\u00a0\u00bb1\/2&Prime;][vc_single_image image=\u00a0\u00bb108&Prime; img_size=\u00a0\u00bbfull\u00a0\u00bb alignment=\u00a0\u00bbcenter\u00a0\u00bb css=\u00a0\u00bb\u00a0\u00bb][\/vc_column][vc_column column_padding=\u00a0\u00bbpadding-8&Prime; column_center=\u00a0\u00bbtrue\u00a0\u00bb width=\u00a0\u00bb1\/2&Prime;][vc_column_text] Nos Produits \u2013 L\u2019Excellence au service de vos cheveux Chez Terre de Bien-\u00catre By Marie, nous s\u00e9lectionnons des marques d&rsquo;excellence pour prendre soin de vos cheveux ! Eugene Perma D\u00e9couvrez l\u2019excellence \u00e0 la fran\u00e7aise avec Eug\u00e8ne perma, une gamme de shampooings et soins enrichie en k\u00e9ratine et en actifs v\u00e9g\u00e9taux. Une gamme de shampooings et soins naturelle et vegan. Une gamme de coloration qui apporte des reflets intenses et beaucoup de brillance mais \u00e9galement un rituel de coloration v\u00e9g\u00e9tale \u00e0 95% d\u2019ingr\u00e9dients d\u2019origine naturelle.[\/vc_column_text][\/vc_column][\/vc_row][vc_row type=\u00a0\u00bbfull_width_section\u00a0\u00bb][vc_column column_padding=\u00a0\u00bbpadding-8&Prime; width=\u00a0\u00bb1\/2&Prime;][vc_column_text] System Professional Offrez \u00e0 vos cheveux un traitement haut de gamme avec System Professional, une gamme exclusive r\u00e9serv\u00e9e aux salons. Gr\u00e2ce \u00e0 la technologie LipidCode, ces soins personnalis\u00e9s s\u2019adaptent \u00e0 la nature et aux besoins sp\u00e9cifiques de vos cheveux, offrant une r\u00e9paration en profondeur, une vitalit\u00e9 renouvel\u00e9e et une beaut\u00e9 \u00e9clatante.[\/vc_column_text][\/vc_column][vc_column column_center=\u00a0\u00bbtrue\u00a0\u00bb width=\u00a0\u00bb1\/2&Prime;][vc_single_image image=\u00a0\u00bb107&Prime; img_size=\u00a0\u00bbfull\u00a0\u00bb alignment=\u00a0\u00bbcenter\u00a0\u00bb css=\u00a0\u00bb\u00a0\u00bb][\/vc_column][\/vc_row][vc_row type=\u00a0\u00bbfull_width_section\u00a0\u00bb][vc_column width=\u00a0\u00bb1\/2&Prime;][vc_single_image image=\u00a0\u00bb127&Prime; img_size=\u00a0\u00bbfull\u00a0\u00bb alignment=\u00a0\u00bbcenter\u00a0\u00bb css=\u00a0\u00bb\u00a0\u00bb][\/vc_column][vc_column column_padding=\u00a0\u00bbpadding-8&Prime; column_center=\u00a0\u00bbtrue\u00a0\u00bb width=\u00a0\u00bb1\/2&Prime;][vc_column_text] Mulato Faites le choix du naturel avec Mulato, une gamme de soins repigmentants compos\u00e9e \u00e0 98 % d\u2019ingr\u00e9dients d\u2019origine naturelle. \u00c0 base de beurre de karit\u00e9 bio, d\u2019extraits de fruits et [&hellip;]<\/p>\n","protected":false},"author":1,"featured_media":0,"parent":0,"menu_order":0,"comment_status":"closed","ping_status":"closed","template":"","meta":{"footnotes":""},"class_list":["post-14","page","type-page","status-publish","hentry"],"_links":{"self":[{"href":"https:\/\/terredebienetrebymarie.fr\/index.php\/wp-json\/wp\/v2\/pages\/14","targetHints":{"allow":["GET"]}}],"collection":[{"href":"https:\/\/terredebienetrebymarie.fr\/index.php\/wp-json\/wp\/v2\/pages"}],"about":[{"href":"https:\/\/terredebienetrebymarie.fr\/index.php\/wp-json\/wp\/v2\/types\/page"}],"author":[{"embeddable":true,"href":"https:\/\/terredebienetrebymarie.fr\/index.php\/wp-json\/wp\/v2\/users\/1"}],"replies":[{"embeddable":true,"href":"https:\/\/terredebienetrebymarie.fr\/index.php\/wp-json\/wp\/v2\/comments?post=14"}],"version-history":[{"count":29,"href":"https:\/\/terredebienetrebymarie.fr\/index.php\/wp-json\/wp\/v2\/pages\/14\/revisions"}],"predecessor-version":[{"id":144,"href":"https:\/\/terredebienetrebymarie.fr\/index.php\/wp-json\/wp\/v2\/pages\/14\/revisions\/144"}],"wp:attachment":[{"href":"https:\/\/terredebienetrebymarie.fr\/index.php\/wp-json\/wp\/v2\/media?parent=14"}],"curies":[{"name":"wp","href":"https:\/\/api.w.org\/{rel}","templated":true}]}}