{"id":17,"date":"2025-01-29T11:16:34","date_gmt":"2025-01-29T10:16:34","guid":{"rendered":"https:\/\/terredebienetrebymarie.fr\/?page_id=17"},"modified":"2026-01-08T15:28:01","modified_gmt":"2026-01-08T14:28:01","slug":"prestations","status":"publish","type":"page","link":"https:\/\/terredebienetrebymarie.fr\/index.php\/prestations\/","title":{"rendered":"Prestations"},"content":{"rendered":"<div class=\"wpb-content-wrapper\"><p>[vc_row top_padding=\u00a0\u00bb80&Prime; bottom_padding=\u00a0\u00bb20&Prime;][vc_column width=\u00a0\u00bb1\/6&Prime;][\/vc_column][vc_column width=\u00a0\u00bb2\/3&Prime;][vc_column_text]<\/p>\n<h1 style=\"text-align: center;\">TARIFS<\/h1>\n<h2>Coiffure femme<\/h2>\n<p>Qu\u2019il s\u2019agisse de coupes modernes, de coloration \u00e9clatante ou de balayage tendance, Chez Terre de Bien Etre By marie donnons vie \u00e0 toutes vos envies !<\/p>\n<table>\n<tbody>\n<tr>\n<td><\/td>\n<td><em>courts<\/em><\/td>\n<td><em>mi-longs<\/em><\/td>\n<td><em>longs<\/em><\/td>\n<\/tr>\n<tr>\n<td>Shampooing + coupe + coiffage<\/td>\n<td>41\u20ac<sup>50<\/sup>*<\/td>\n<td>43\u20ac<sup>50<\/sup>*<\/td>\n<td>46\u20ac<sup>50<\/sup>*<\/td>\n<\/tr>\n<tr>\n<td>Coloration + shamp. + coupe + coiffage<\/td>\n<td>70\u20ac<sup>50<\/sup>*<\/td>\n<td>78\u20ac<sup>50<\/sup>*<\/td>\n<td>84\u20ac<sup>50<\/sup>*<\/td>\n<\/tr>\n<tr>\n<td>M\u00e8ches + sham. + coupe + coiffage<\/td>\n<td>86\u20ac<sup>50<\/sup>*<\/td>\n<td>98\u20ac*<\/td>\n<td>112\u20ac*<\/td>\n<\/tr>\n<\/tbody>\n<\/table>\n<p><em>*\u00e0 partir de<\/em>[\/vc_column_text][\/vc_column][vc_column width=\u00a0\u00bb1\/6&Prime;][\/vc_column][\/vc_row][vc_row text_align=\u00a0\u00bbcenter\u00a0\u00bb bottom_padding=\u00a0\u00bb80&Prime;][vc_column width=\u00a0\u00bb1\/6&Prime;][\/vc_column][vc_column width=\u00a0\u00bb2\/3&Prime;]<a href=\"https:\/\/home.shortcutssoftware.com\/terredebienetrebymarie\" target=\"_blank\" class=\"button color-3 medium \" style=\"border-radius: 2px;\">R\u00e9server<\/a>[\/vc_column][vc_column width=\u00a0\u00bb1\/6&Prime;][\/vc_column][\/vc_row][vc_row][vc_column width=\u00a0\u00bb1\/3&Prime;][vc_single_image image=\u00a0\u00bb97&Prime; img_size=\u00a0\u00bbfull\u00a0\u00bb alignment=\u00a0\u00bbcenter\u00a0\u00bb style=\u00a0\u00bbvc_box_rounded\u00a0\u00bb css=\u00a0\u00bb\u00a0\u00bb][\/vc_column][vc_column width=\u00a0\u00bb1\/3&Prime;][vc_single_image image=\u00a0\u00bb96&Prime; img_size=\u00a0\u00bbfull\u00a0\u00bb alignment=\u00a0\u00bbcenter\u00a0\u00bb style=\u00a0\u00bbvc_box_rounded\u00a0\u00bb css=\u00a0\u00bb\u00a0\u00bb][\/vc_column][vc_column width=\u00a0\u00bb1\/3&Prime;][vc_single_image image=\u00a0\u00bb98&Prime; img_size=\u00a0\u00bbfull\u00a0\u00bb alignment=\u00a0\u00bbcenter\u00a0\u00bb style=\u00a0\u00bbvc_box_rounded\u00a0\u00bb css=\u00a0\u00bb\u00a0\u00bb][\/vc_column][\/vc_row][vc_row type=\u00a0\u00bbfull_width_section\u00a0\u00bb top_padding=\u00a0\u00bb80&Prime; bottom_padding=\u00a0\u00bb40&Prime;][vc_column column_padding=\u00a0\u00bbpadding-10&Prime; width=\u00a0\u00bb1\/2&Prime;][vc_column_text]<\/p>\n<h2>Coiffure homme<\/h2>\n<p>Chez Terre de Bien-\u00catre By Marie, nous proposons des coupes hommes sur mesure et des prestations d\u2019entretien de la barbe pour un style soign\u00e9 et toujours impeccable.<\/p>\n<table>\n<tbody>\n<tr>\n<td>Shampooing +coupe<\/td>\n<td>24\u20ac<\/td>\n<\/tr>\n<tr>\n<td>Taille de barbe tondeuse<\/td>\n<td>8\u20ac<sup>50<\/sup><\/td>\n<\/tr>\n<\/tbody>\n<\/table>\n<p>[\/vc_column_text]<a href=\"https:\/\/home.shortcutssoftware.com\/terredebienetrebymarie\" target=\"_blank\" class=\"button color-3 medium \" style=\"border-radius: 2px;\">R\u00e9server<\/a>[\/vc_column][vc_column el_class=\u00a0\u00bbmaxw\u00a0\u00bb width=\u00a0\u00bb1\/2&Prime;][vc_single_image image=\u00a0\u00bb132&Prime; img_size=\u00a0\u00bbfull\u00a0\u00bb alignment=\u00a0\u00bbcenter\u00a0\u00bb css=\u00a0\u00bb\u00a0\u00bb][\/vc_column][\/vc_row][vc_row top_padding=\u00a0\u00bb40&Prime; bottom_padding=\u00a0\u00bb20&Prime;][vc_column width=\u00a0\u00bb1\/2&Prime;][vc_column_text]<\/p>\n<h2>Coiffure enfant<\/h2>\n<p>D\u00e9couvrez nos coupes enfants, pens\u00e9es pour allier style et confort.<\/p>\n<table>\n<tbody>\n<tr>\n<td>Gar\u00e7on -13ans<\/td>\n<td>19\u20ac<\/td>\n<\/tr>\n<tr>\n<td>Jeune fille<\/td>\n<td>30\u20ac<sup>50<\/sup>*<\/td>\n<\/tr>\n<\/tbody>\n<\/table>\n<p><em>* \u00e0 partir de<\/em><\/p>\n<p>Toute premi\u00e8re coupe en dessous de 2 ans : <strong>OFFERTE<\/strong>[\/vc_column_text]<a href=\"https:\/\/home.shortcutssoftware.com\/terredebienetrebymarie\" target=\"_blank\" class=\"button color-3 medium \" style=\"border-radius: 2px;\">R\u00e9server<\/a>[\/vc_column][vc_column column_center=\u00a0\u00bbtrue\u00a0\u00bb width=\u00a0\u00bb1\/2&Prime;][vc_single_image image=\u00a0\u00bb148&Prime; img_size=\u00a0\u00bbfull\u00a0\u00bb alignment=\u00a0\u00bbcenter\u00a0\u00bb style=\u00a0\u00bbvc_box_rounded\u00a0\u00bb css=\u00a0\u00bb\u00a0\u00bb][\/vc_column][\/vc_row][vc_row top_padding=\u00a0\u00bb80&Prime; bottom_padding=\u00a0\u00bb60&Prime;][vc_column width=\u00a0\u00bb1\/1&Prime;][vc_column_text]<\/p>\n<h2>Nouveau : le Head Spa<\/h2>\n<p>[\/vc_column_text][\/vc_column][\/vc_row][vc_row][vc_column text_align=\u00a0\u00bbcenter\u00a0\u00bb width=\u00a0\u00bb1\/3&Prime;][vc_column_text]<\/p>\n<div style=\"width: 338px;\" class=\"wp-video\"><video class=\"wp-video-shortcode\" id=\"video-17-1\" width=\"338\" height=\"600\" preload=\"metadata\" controls=\"controls\"><source type=\"video\/mp4\" src=\"https:\/\/terredebienetrebymarie.fr\/wp-content\/uploads\/2025\/04\/video-hairspa-web.mp4?_=1\" \/><a href=\"https:\/\/terredebienetrebymarie.fr\/wp-content\/uploads\/2025\/04\/video-hairspa-web.mp4\">https:\/\/terredebienetrebymarie.fr\/wp-content\/uploads\/2025\/04\/video-hairspa-web.mp4<\/a><\/video><\/div>\n<p>[\/vc_column_text][\/vc_column][vc_column bg_color=\u00a0\u00bb#FFFFFF\u00a0\u00bb text_color=\u00a0\u00bblight\u00a0\u00bb width=\u00a0\u00bb1\/3&Prime;]<div class=\"box clearfix style-6 wpb_content_element align-left \" style=\"padding: 40px 40px 40px 40px; \">\n<h2><b>Head Spa 45mn<\/b><\/h2>\n<h3 class=\"prix\">75 \u20ac<\/h3>\n<p><span style=\"font-weight: 400;\">\u2728 <\/span>Analyse du cuir chevelu.<br \/>\n<span style=\"font-weight: 400;\">\u2728 <\/span>Soin approfondi <em>gr\u00e2ce \u00e0 un gommage permettant le traitement des anomalies (s\u00e9bum, chutes, pellicules, d\u00e9mangeaisons\u2026).<br \/>\n<\/em><span style=\"font-weight: 400;\">\u2728 <\/span>Massage cr\u00e2nien avec diff\u00e9rentes techniques japonaises.<br \/>\n<span style=\"font-weight: 400;\">\u2728 <\/span>Massage des mains.<br \/>\n<span style=\"font-weight: 400;\">\u2728 <\/span>Travail sur des points de compression pr\u00e9cis (sommeil, le stress, l\u2019anxi\u00e9t\u00e9\u2026).<\/p>\n<h4>Apr\u00e8s le soin<\/h4>\n<p><span style=\"font-weight: 400;\">\u2728 <\/span>Coiffage compris (brushing, wavy, lissage).<\/p>\n<p><span style=\"font-weight: 400;\">\ud83e\uded6\u00a0<\/span>Boisson chaude comprise.<\/div>[\/vc_column][vc_column bg_color=\u00a0\u00bb#FFFFFF\u00a0\u00bb text_color=\u00a0\u00bblight\u00a0\u00bb width=\u00a0\u00bb1\/3&Prime;]<div class=\"box clearfix style-6 wpb_content_element align-left \" style=\"padding: 40px 40px 40px 40px; \">\n<h2><b>Head Spa 1h15<\/b><\/h2>\n<h3 class=\"prix\">110 \u20ac<\/h3>\n<p>Inclus tous les bienfaits du soin 45 min, avec en suppl\u00e9ment :<\/p>\n<p><span style=\"font-weight: 400;\">\u2728 <\/span><strong>Massage facial avec diff\u00e9rentes techniques japonaises.<\/strong><br \/>\n<span style=\"font-weight: 400;\">\u2728 <\/span><strong>D\u00e9tente des \u00e9paules et des cervicales.<\/strong><\/div><div class=\"box clearfix style-6 wpb_content_element align-left \" style=\"padding: 40px 40px 40px 40px; \">\n<h2>Soin Duo<\/h2>\n<p><em>Soin duo possible pour les deux formules<\/em><\/p>\n<p>Prestation sur mesure. Contactez-nous pour avoir toutes les informations.<\/div>[\/vc_column][\/vc_row]<\/p>\n<\/div>","protected":false},"excerpt":{"rendered":"<p>[vc_row top_padding=\u00a0\u00bb80&Prime; bottom_padding=\u00a0\u00bb20&Prime;][vc_column width=\u00a0\u00bb1\/6&Prime;][\/vc_column][vc_column width=\u00a0\u00bb2\/3&Prime;][vc_column_text] TARIFS Coiffure femme Qu\u2019il s\u2019agisse de coupes modernes, de coloration \u00e9clatante ou de balayage tendance, Chez Terre de Bien Etre By marie donnons vie \u00e0 toutes vos envies ! courts mi-longs longs Shampooing + coupe + coiffage 41\u20ac50* 43\u20ac50* 46\u20ac50* Coloration + shamp. + coupe + coiffage 70\u20ac50* 78\u20ac50* 84\u20ac50* M\u00e8ches + sham. + coupe + coiffage 86\u20ac50* 98\u20ac* 112\u20ac* *\u00e0 partir de[\/vc_column_text][\/vc_column][vc_column width=\u00a0\u00bb1\/6&Prime;][\/vc_column][\/vc_row][vc_row text_align=\u00a0\u00bbcenter\u00a0\u00bb bottom_padding=\u00a0\u00bb80&Prime;][vc_column width=\u00a0\u00bb1\/6&Prime;][\/vc_column][vc_column width=\u00a0\u00bb2\/3&Prime;][\/vc_column][vc_column width=\u00a0\u00bb1\/6&Prime;][\/vc_column][\/vc_row][vc_row][vc_column width=\u00a0\u00bb1\/3&Prime;][vc_single_image image=\u00a0\u00bb97&Prime; img_size=\u00a0\u00bbfull\u00a0\u00bb alignment=\u00a0\u00bbcenter\u00a0\u00bb style=\u00a0\u00bbvc_box_rounded\u00a0\u00bb css=\u00a0\u00bb\u00a0\u00bb][\/vc_column][vc_column width=\u00a0\u00bb1\/3&Prime;][vc_single_image image=\u00a0\u00bb96&Prime; img_size=\u00a0\u00bbfull\u00a0\u00bb alignment=\u00a0\u00bbcenter\u00a0\u00bb style=\u00a0\u00bbvc_box_rounded\u00a0\u00bb css=\u00a0\u00bb\u00a0\u00bb][\/vc_column][vc_column width=\u00a0\u00bb1\/3&Prime;][vc_single_image image=\u00a0\u00bb98&Prime; img_size=\u00a0\u00bbfull\u00a0\u00bb alignment=\u00a0\u00bbcenter\u00a0\u00bb style=\u00a0\u00bbvc_box_rounded\u00a0\u00bb css=\u00a0\u00bb\u00a0\u00bb][\/vc_column][\/vc_row][vc_row type=\u00a0\u00bbfull_width_section\u00a0\u00bb top_padding=\u00a0\u00bb80&Prime; bottom_padding=\u00a0\u00bb40&Prime;][vc_column column_padding=\u00a0\u00bbpadding-10&Prime; width=\u00a0\u00bb1\/2&Prime;][vc_column_text] Coiffure homme Chez Terre de Bien-\u00catre By Marie, nous proposons des coupes hommes sur mesure et des prestations d\u2019entretien de la barbe pour un style soign\u00e9 et toujours impeccable. Shampooing +coupe 24\u20ac Taille de barbe tondeuse 8\u20ac50 [\/vc_column_text][\/vc_column][vc_column el_class=\u00a0\u00bbmaxw\u00a0\u00bb width=\u00a0\u00bb1\/2&Prime;][vc_single_image image=\u00a0\u00bb132&Prime; img_size=\u00a0\u00bbfull\u00a0\u00bb alignment=\u00a0\u00bbcenter\u00a0\u00bb css=\u00a0\u00bb\u00a0\u00bb][\/vc_column][\/vc_row][vc_row top_padding=\u00a0\u00bb40&Prime; bottom_padding=\u00a0\u00bb20&Prime;][vc_column width=\u00a0\u00bb1\/2&Prime;][vc_column_text] Coiffure enfant D\u00e9couvrez nos coupes enfants, pens\u00e9es pour allier style et confort. Gar\u00e7on -13ans 19\u20ac Jeune fille 30\u20ac50* * \u00e0 partir de Toute premi\u00e8re coupe en dessous de 2 ans : OFFERTE[\/vc_column_text][\/vc_column][vc_column column_center=\u00a0\u00bbtrue\u00a0\u00bb width=\u00a0\u00bb1\/2&Prime;][vc_single_image image=\u00a0\u00bb148&Prime; img_size=\u00a0\u00bbfull\u00a0\u00bb alignment=\u00a0\u00bbcenter\u00a0\u00bb style=\u00a0\u00bbvc_box_rounded\u00a0\u00bb css=\u00a0\u00bb\u00a0\u00bb][\/vc_column][\/vc_row][vc_row top_padding=\u00a0\u00bb80&Prime; bottom_padding=\u00a0\u00bb60&Prime;][vc_column width=\u00a0\u00bb1\/1&Prime;][vc_column_text] Nouveau : le Head Spa [\/vc_column_text][\/vc_column][\/vc_row][vc_row][vc_column text_align=\u00a0\u00bbcenter\u00a0\u00bb width=\u00a0\u00bb1\/3&Prime;][vc_column_text] [\/vc_column_text][\/vc_column][vc_column bg_color=\u00a0\u00bb#FFFFFF\u00a0\u00bb text_color=\u00a0\u00bblight\u00a0\u00bb width=\u00a0\u00bb1\/3&Prime;][\/vc_column][vc_column bg_color=\u00a0\u00bb#FFFFFF\u00a0\u00bb text_color=\u00a0\u00bblight\u00a0\u00bb [&hellip;]<\/p>\n","protected":false},"author":1,"featured_media":0,"parent":0,"menu_order":0,"comment_status":"closed","ping_status":"closed","template":"","meta":{"footnotes":""},"class_list":["post-17","page","type-page","status-publish","hentry"],"_links":{"self":[{"href":"https:\/\/terredebienetrebymarie.fr\/index.php\/wp-json\/wp\/v2\/pages\/17","targetHints":{"allow":["GET"]}}],"collection":[{"href":"https:\/\/terredebienetrebymarie.fr\/index.php\/wp-json\/wp\/v2\/pages"}],"about":[{"href":"https:\/\/terredebienetrebymarie.fr\/index.php\/wp-json\/wp\/v2\/types\/page"}],"author":[{"embeddable":true,"href":"https:\/\/terredebienetrebymarie.fr\/index.php\/wp-json\/wp\/v2\/users\/1"}],"replies":[{"embeddable":true,"href":"https:\/\/terredebienetrebymarie.fr\/index.php\/wp-json\/wp\/v2\/comments?post=17"}],"version-history":[{"count":38,"href":"https:\/\/terredebienetrebymarie.fr\/index.php\/wp-json\/wp\/v2\/pages\/17\/revisions"}],"predecessor-version":[{"id":178,"href":"https:\/\/terredebienetrebymarie.fr\/index.php\/wp-json\/wp\/v2\/pages\/17\/revisions\/178"}],"wp:attachment":[{"href":"https:\/\/terredebienetrebymarie.fr\/index.php\/wp-json\/wp\/v2\/media?parent=17"}],"curies":[{"name":"wp","href":"https:\/\/api.w.org\/{rel}","templated":true}]}}